/(-1). What is the units digit of 63/((-1 - (l + 1))/w)?
3
Let l(x) = -2*x**3 - 25*x**2 - 69*x + 147. What is the hundreds digit of l(-23)?
8
Let l(o) = -162*o**3 + 16*o**2 + 20*o + 46. What is the thousands digit of l(-4)?
0
Let p = -62 + 63. Let c be p*0*(1 - (-4)/(-2)). Suppose 5*h - 9*h + 32 = c. What is the units digit of h?
8
What is the tens digit of ((-35)/(-10))/((36/(-6136))/9*-1)?
6
Let l(r) = 3*r**2 + 4*r + 10. Suppose 0 = -0*t - 3*t - 27. What is the tens digit of l(t)?
1
Let b = -3637 + 3664. Suppose 4*o - 3*s - 1167 = 0, 5*s - 359 - 244 = -2*o. Suppose -25*u + b*u = o. What is the tens digit of u?
4
Suppose 62 = -3*f - 127. Let p = 15 - f. What is the units digit of p?
8
Let f = -79 - -5567. What is the thousands digit of f?
5
Suppose -55*l = -12860 - 58860. Let h = 2414 - l. What is the hundreds digit of h?
1
Suppose -5*t = 5*h - 2*t - 27, -5*h + 32 = -2*t. Suppose -h*d = 195 - 2289. What is the tens digit of d?
4
Let w(c) = -2*c**3 - 156*c**2 - 101*c + 684. What is the hundreds digit of w(-81)?
2
Let i(a) = -a**3 + 56*a**2 - 107*a - 51. Let k be i(54). Let t = -4 - -8. Suppose -t*l - 4*r = -428, -k*l - 5*r + 222 + 91 = 0. What is the hundreds digit of l?
1
Let p be -33 + 5 + (-9)/((-27)/6). What is the hundreds digit of (3 - 3 - -1466)/(28 + p)?
7
Let j be ((-12)/27)/((-10)/38655). Suppose 0 = 5*m - 2*o - 3702, 0 = -5*m + o + 5424 - j. What is the units digit of m?
2
Let q(p) = -447*p - 1793. What is the hundreds digit of q(-7)?
3
Suppose -23304*o + 3125389 = -23263*o. What is the units digit of o?
9
Suppose 5*o = -4*f - 40, 2*o + 3*f + 35 = 12. Let c(w) = -2*w**2 - 9*w + 2. Let x be c(o). What is the hundreds digit of (-1)/((-4)/x + 590/894)?
1
Suppose 11*x = 3*n + 678140, -33*x + 31*x = n - 123309. What is the tens digit of x?
5
Let a be 571 + 1 + 4 + 3. Suppose a + 6555 = 6*x. Suppose 11*w = -x + 3323. What is the tens digit of w?
9
Suppose 4*o + 2*a = 6244, -12*o + 9*o + 2*a + 4683 = 0. What is the thousands digit of o?
1
Let g(p) be the third derivative of 82*p**5/15 + p**4/4 + 13*p**3/6 - 3*p**2. Let t be g(-2). Suppose t = -12*r + 4265. What is the tens digit of r?
4
Let t = 44130 - -36125. What is the thousands digit of t?
0
Suppose -q - 3*q + 4*a = -68, q - 4*a = 11. Suppose -l = -3*o - 10 - q, -2*l + 66 = -4*o. What is the units digit of l?
1
Let p(k) be the third derivative of 3*k**5/20 - 13*k**4/24 - 34*k**3/3 - 116*k**2. What is the units digit of p(-7)?
4
Let j(c) = 9*c**3 + c**2 + 3*c - 1. Let k(v) = -v**3 + 15*v**2 - 19*v + 4. Let r be k(14). Let h be (3 + r/30)*(-10)/(-4). What is the units digit of j(h)?
1
Let m(s) = -4*s + 7. Let v be m(2). Suppose 0 = -10*a + 28 - 8. What is the tens digit of (-31*v/(-3))/(a/(-18))?
9
Suppose 3 - 7 = -2*q. Suppose 2*t = -5*s - 7, 2 = -2*t - 4*s - q. Let l(k) = 2*k**3 - k**2 + 3*k + 6. What is the tens digit of l(t)?
3
Let l(x) be the second derivative of 0 + 1/12*x**4 - 1/6*x**3 - 20*x - 2*x**2. What is the tens digit of l(5)?
1
Let x be 6 - (8/(-1) + 12). Suppose -5*y + 12*r = 14*r - 5847, -y = x*r - 1163. What is the hundreds digit of y?
1
Suppose -2*b = -3*h - 2*h + 45, -b - 5 = 0. Suppose p = 3*s - 3, -3*p = -2 - h. Let z(u) = 51*u**2 + 2*u - 5. What is the units digit of z(s)?
3
What is the tens digit of (20 + 416/(-20))*-40955?
6
Let l(t) = t**2 - t - 4. Let m be l(-3). Suppose 11*u - 735 = m*u. What is the hundreds digit of u?
2
Suppose t = -2*t + 12. Suppose c = 4*o - 724, 21*o - 23*o + t*c = -362. What is the units digit of o?
1
Suppose 5*z + 4*w - 158 = 0, -4*z + 0*w - 3*w = -127. Suppose -z = x - 2*x. What is the units digit of x?
4
Suppose 5*s - 104 = 4*c, -5*c + 75 = 2*s + 2*s. Suppose 5*g - 20 - s = 0. Suppose -g = -4*d, -4*o = -0*o - 5*d - 94. What is the tens digit of o?
2
Let l = 3955 - 3497. What is the hundreds digit of l?
4
Let d(l) = -48*l - 160. Let q(s) = -2*s - 22. Let t be q(-6). What is the hundreds digit of d(t)?
3
Suppose -z = -0*v + 4*v - 19, 4*z = -4*v + 28. Suppose z*b = -2*o + 1925, -o + 964 = -0*o + 2*b. What is the hundreds digit of o?
9
Let s be -24 + 6643 - (0 + 4). Suppose 28*d - 13*d = s. What is the hundreds digit of d?
4
Let w(f) = 3*f + 24. Let i be w(-10). Let l be (-3)/2*i/(-36)*-724. Suppose -5*d = 6*x - 2*x - 436, -2*d + 5*x + l = 0. What is the tens digit of d?
8
What is the thousands digit of ((-1056)/(-36))/(1424/711 - 2)?
0
Let g be (-3)/(-7) + (-33)/77. Suppose -8*o - o + 3933 = g. What is the hundreds digit of o?
4
Let s = -36 + 40. Suppose 0 = -2*u + 4*l - s, u + 2 = -u + 3*l. Suppose 2*y - 82 = u*a, -2*y - 3*y = -4*a - 209. What is the units digit of y?
5
Suppose 0 = 2*f + 6*p - 2368, p - 5892 = -28*f + 23*f. What is the units digit of f?
8
Let x(y) = -304*y - 4. Let p be x(-1). Suppose -p = -2*s - g, 4*s - 173 = -4*g + 419. What is the units digit of s?
2
Suppose -80231 = -5*o + 5*n - 31741, -o = 2*n - 9695. What is the thousands digit of o?
9
Let j(l) = l**2 - 190*l - 130. What is the ten thousands digit of j(-47)?
1
Let c(s) = -s**2 + 11*s - 5. Let x be c(11). What is the units digit of 7 - ((-14875)/x)/(-5)?
2
Suppose -43*a + 31*a = 79*a - 3808168. What is the hundreds digit of a?
8
Let y be 10/(-4)*(-3)/5*2. Let c = 0 - y. What is the units digit of ((-155)/(-2))/(c/(-6)) + 3?
8
Let y = -3574 + 10388. What is the hundreds digit of y?
8
Let i(p) = -p**3 + 14*p**2 + 30*p + 1. Let o be i(15). Suppose -o*d = -219*d - 5005. What is the tens digit of d?
1
Suppose 201*u - 751683 = 72*u. What is the units digit of u?
7
Let m = -4 - -6. Let u = 153 - 54. What is the tens digit of (1 - 2)*(m - u)?
9
Suppose 12 = 2*t + y - 0*y, -4*t - 4*y = -28. Suppose a - 1024 = -i, a - 3068 = -2*a - t*i. What is the units digit of a?
6
Let m(v) = 2*v + 8. Let h be m(-3). Let t be 9 - 9 - (-616)/h. Let i = t + -183. What is the units digit of i?
5
Suppose -s - 14 = 5*c, -5*s = 4*c + 60 + 10. What is the hundreds digit of (-3 - 63/s)*156?
2
Let m = 586 + -575. Suppose m*r - 1178 - 5301 = 0. What is the hundreds digit of r?
5
Let t be ((-3)/4)/((-4)/3456). Let m = t + -397. What is the tens digit of m?
5
Let h(b) be the second derivative of b**5/20 - b**4/3 + 3*b**3/2 + 5*b**2/2 + 6*b. Let n be h(8). Let c = n + -230. What is the units digit of c?
3
Suppose -5*v = 30, 58*v = 2*s + 60*v - 18812. What is the thousands digit of s?
9
Suppose 241*c + 229311 = 250*c. What is the thousands digit of c?
5
Let o(b) = 6*b**2 - 9*b. Let q be o(3). Suppose 0 = q*y - 30*y + 177. What is the tens digit of y?
5
Let w(g) = 7*g**2 + 12*g + 42. Suppose -4*s + 2*q = 44, 33 = s + 2*q + 39. What is the units digit of w(s)?
2
Let y(p) = p**3 + 768. Let u be y(0). Suppose 7*z - u = -5*z. What is the units digit of z?
4
Suppose -4*s = 616 - 236. Let h = s + 152. What is the tens digit of h?
5
Suppose 7*x - 10 = 2*x. Suppose 0 = x*w - 6*w + 236. What is the units digit of w?
9
Let w(v) = 5*v**2 + 27*v + 31. Suppose -49*f + 45*f - 40 = 0. What is the units digit of w(f)?
1
Let n(l) = -l**2 - 145*l - 3268. Let t be n(-28). Let m(k) = k**3 - 6*k**2 + 6*k + 8. Let z be m(6). Let y = t + z. What is the tens digit of y?
5
Let s be (3 - 22)*(-3)/(-9)*-54. Let x = -140 + s. Let p = x - 121. What is the tens digit of p?
8
Suppose -5*n - 15207 = 599*x - 600*x, 0 = 4*x + 4*n - 60804. What is the hundreds digit of x?
2
Suppose -22 = -22*h + 154. Suppose -h*m + 4619 + 1045 = 0. What is the units digit of m?
8
Suppose 2*d - 6*d - 26 = -3*k, 2*d + 20 = 5*k. Suppose 4*t = -4*u + 172, -3*t - 2 = -k*t. Let x = u - 35. What is the units digit of x?
0
Suppose z - 3*r = 1438 + 2507, 3*z - 11919 = -5*r. What is the hundreds digit of z?
9
Let v(l) = 9*l**3 - 2*l**2 - 25*l + 127. What is the hundreds digit of v(8)?
4
What is the hundreds digit of 8 + (-37)/((-185)/(-42)) + 90232/5?
0
Suppose 2*k - 17736 = -2*h, -k + 4556 = -5*h - 4282. What is the units digit of k?
3
Let c be (-24)/40*10/(-2). Suppose c*g - 1 = 14, g + 287 = 2*d. What is the units digit of d?
6
Let x = -15324 + 27362. What is the tens digit of x?
3
Suppose -3*g + u = -40, 3*u = 4*g - 27 - 18. Let w be 9/g - (-527)/5. Let c = -75 + w. What is the tens digit of c?
3
Let c = -5 + 8. Let k be (-193)/((-5)/(-3 + 8)). Suppose k = c*f + 1. What is the units digit of f?
4
Suppose 0 = 5*t, -2*q + 7*q - q = 4*t + 40216. What is the